{"id":1743,"date":"2025-11-14T11:19:17","date_gmt":"2025-11-14T10:19:17","guid":{"rendered":"https:\/\/arcturus-stella.fr\/?post_type=product&#038;p=1743"},"modified":"2025-11-14T11:34:00","modified_gmt":"2025-11-14T10:34:00","slug":"lecture-intuitive-tirage-express","status":"publish","type":"product","link":"https:\/\/arcturus-stella.fr\/?product=lecture-intuitive-tirage-express","title":{"rendered":"Lecture Intuitive &#8211; Tirage Express"},"content":{"rendered":"<p class=\"cvGsUA direction-ltr align-center para-style-body\"><span class=\"a_GcMg font-feature-liga-off font-feature-clig-off font-feature-calt-off text-decoration-none text-strikethrough-none\">La lecture intuitive vous permets d\u2019y voir plus clair, de comprendre la dynamique actuelle et de repartir avec un \u00e9clairage concret sur une situation et son \u00e9volution.<\/span><\/p>\n<p class=\"cvGsUA direction-ltr align-center para-style-body\"><span class=\"a_GcMg font-feature-liga-off font-feature-clig-off font-feature-calt-off text-decoration-none text-strikethrough-none\">Les lectures intuitives sont id\u00e9ales pour les questions sentimentales, professionnelles ou relationnelles.<\/span><\/p>\n<p><span class=\"a_GcMg font-feature-liga-off font-feature-clig-off font-feature-calt-off text-decoration-none text-strikethrough-none\">Le tirage express qu&rsquo;est-ce que c&rsquo;est ? <\/span><span class=\"a_GcMg font-feature-liga-off font-feature-clig-off font-feature-calt-off text-decoration-none text-strikethrough-none\">Vous pouvez choisir de me poser une ou trois questions et v<\/span>ous recevrez la vid\u00e9o du tirage sous 1 \u00e0 3 jours par mail.<\/p>\n<p>&nbsp;<\/p>\n","protected":false},"excerpt":{"rendered":"<p>La lecture intuitive vous permets d\u2019y voir plus clair, de comprendre la dynamique actuelle et de repartir avec un \u00e9clairage concret sur une situation et son \u00e9volution. Les lectures intuitives sont id\u00e9ales pour les questions sentimentales, professionnelles ou relationnelles. Le tirage express qu&rsquo;est-ce que c&rsquo;est ? Vous pouvez choisir de me poser une ou trois [&hellip;]<\/p>\n","protected":false},"featured_media":1746,"comment_status":"open","ping_status":"closed","template":"","meta":[],"product_brand":[],"product_cat":[31],"product_tag":[],"class_list":{"0":"post-1743","1":"product","2":"type-product","3":"status-publish","4":"has-post-thumbnail","6":"product_cat-prestations","8":"first","9":"instock","10":"shipping-taxable","11":"purchasable","12":"product-type-variable"},"_links":{"self":[{"href":"https:\/\/arcturus-stella.fr\/index.php?rest_route=\/wp\/v2\/product\/1743","targetHints":{"allow":["GET"]}}],"collection":[{"href":"https:\/\/arcturus-stella.fr\/index.php?rest_route=\/wp\/v2\/product"}],"about":[{"href":"https:\/\/arcturus-stella.fr\/index.php?rest_route=\/wp\/v2\/types\/product"}],"replies":[{"embeddable":true,"href":"https:\/\/arcturus-stella.fr\/index.php?rest_route=%2Fwp%2Fv2%2Fcomments&post=1743"}],"wp:featuredmedia":[{"embeddable":true,"href":"https:\/\/arcturus-stella.fr\/index.php?rest_route=\/wp\/v2\/media\/1746"}],"wp:attachment":[{"href":"https:\/\/arcturus-stella.fr\/index.php?rest_route=%2Fwp%2Fv2%2Fmedia&parent=1743"}],"wp:term":[{"taxonomy":"product_brand","embeddable":true,"href":"https:\/\/arcturus-stella.fr\/index.php?rest_route=%2Fwp%2Fv2%2Fproduct_brand&post=1743"},{"taxonomy":"product_cat","embeddable":true,"href":"https:\/\/arcturus-stella.fr\/index.php?rest_route=%2Fwp%2Fv2%2Fproduct_cat&post=1743"},{"taxonomy":"product_tag","embeddable":true,"href":"https:\/\/arcturus-stella.fr\/index.php?rest_route=%2Fwp%2Fv2%2Fproduct_tag&post=1743"}],"curies":[{"name":"wp","href":"https:\/\/api.w.org\/{rel}","templated":true}]}}